{"id":1263,"date":"2024-08-27T19:47:45","date_gmt":"2024-08-27T19:47:45","guid":{"rendered":"https:\/\/web.saic.edu\/bdg\/?page_id=1263"},"modified":"2024-12-03T23:21:05","modified_gmt":"2024-12-03T23:21:05","slug":"student-exhibition","status":"publish","type":"page","link":"https:\/\/web.saic.edu\/bdg\/student-exhibition\/","title":{"rendered":"Student Exhibition"},"content":{"rendered":"\n<h2 class=\"wp-block-heading has-vivid-red-color has-text-color has-link-color wp-elements-58610fad6d4a9c68c81e461eb3f97b23\">Subversive Pleasures, Mapping the Problematic<\/h2>\n\n\n\n<div class=\"wp-block-cb-carousel\" data-slick=\"{&quot;slidesToShow&quot;:3,&quot;slidesToScroll&quot;:1,&quot;speed&quot;:300,&quot;arrows&quot;:true,&quot;dots&quot;:true,&quot;autoplay&quot;:false,&quot;autoplaySpeed&quot;:3000,&quot;infinite&quot;:false,&quot;responsive&quot;:[{&quot;breakpoint&quot;:769,&quot;settings&quot;:{&quot;slidesToShow&quot;:1,&quot;slidesToScroll&quot;:1}}]}\">\n<div class=\"wp-block-cb-slide\">\n<figure class=\"wp-block-image size-full is-style-default\"><img loading=\"lazy\" decoding=\"async\" width=\"1400\" height=\"800\" src=\"http:\/\/web.saic.edu\/bdg\/wp-content\/uploads\/sites\/14\/2024\/12\/111224_0962-1.jpg\" alt=\"\" class=\"wp-image-1805\" srcset=\"https:\/\/web.saic.edu\/bdg\/wp-content\/uploads\/sites\/14\/2024\/12\/111224_0962-1.jpg 1400w, https:\/\/web.saic.edu\/bdg\/wp-content\/uploads\/sites\/14\/2024\/12\/111224_0962-1-300x171.jpg 300w, https:\/\/web.saic.edu\/bdg\/wp-content\/uploads\/sites\/14\/2024\/12\/111224_0962-1-1024x585.jpg 1024w, https:\/\/web.saic.edu\/bdg\/wp-content\/uploads\/sites\/14\/2024\/12\/111224_0962-1-768x439.jpg 768w, https:\/\/web.saic.edu\/bdg\/wp-content\/uploads\/sites\/14\/2024\/12\/111224_0962-1-1100x629.jpg 1100w, https:\/\/web.saic.edu\/bdg\/wp-content\/uploads\/sites\/14\/2024\/12\/111224_0962-1-550x314.jpg 550w, https:\/\/web.saic.edu\/bdg\/wp-content\/uploads\/sites\/14\/2024\/12\/111224_0962-1-160x91.jpg 160w\" sizes=\"auto, (max-width: 1400px) 100vw, 1400px\" \/><\/figure>\n<\/div>\n\n\n\n<div class=\"wp-block-cb-slide\">\n<figure class=\"wp-block-gallery has-nested-images columns-default is-cropped wp-block-gallery-1 is-layout-flex wp-block-gallery-is-layout-flex\">\n<figure class=\"wp-block-image size-large is-style-default\"><img loading=\"lazy\" decoding=\"async\" width=\"1024\" height=\"585\" data-id=\"1804\" src=\"http:\/\/web.saic.edu\/bdg\/wp-content\/uploads\/sites\/14\/2024\/12\/111224_0959-1-1024x585.jpg\" alt=\"\" class=\"wp-image-1804\" srcset=\"https:\/\/web.saic.edu\/bdg\/wp-content\/uploads\/sites\/14\/2024\/12\/111224_0959-1-1024x585.jpg 1024w, https:\/\/web.saic.edu\/bdg\/wp-content\/uploads\/sites\/14\/2024\/12\/111224_0959-1-300x171.jpg 300w, https:\/\/web.saic.edu\/bdg\/wp-content\/uploads\/sites\/14\/2024\/12\/111224_0959-1-768x439.jpg 768w, https:\/\/web.saic.edu\/bdg\/wp-content\/uploads\/sites\/14\/2024\/12\/111224_0959-1-1100x629.jpg 1100w, https:\/\/web.saic.edu\/bdg\/wp-content\/uploads\/sites\/14\/2024\/12\/111224_0959-1-550x314.jpg 550w, https:\/\/web.saic.edu\/bdg\/wp-content\/uploads\/sites\/14\/2024\/12\/111224_0959-1-160x91.jpg 160w, https:\/\/web.saic.edu\/bdg\/wp-content\/uploads\/sites\/14\/2024\/12\/111224_0959-1.jpg 1400w\" sizes=\"auto, (max-width: 1024px) 100vw, 1024px\" \/><\/figure>\n<\/figure>\n<\/div>\n\n\n\n<div class=\"wp-block-cb-slide\">\n<figure class=\"wp-block-gallery has-nested-images columns-default is-cropped wp-block-gallery-2 is-layout-flex wp-block-gallery-is-layout-flex\">\n<figure class=\"wp-block-image size-large is-style-default\"><img loading=\"lazy\" decoding=\"async\" width=\"1024\" height=\"585\" data-id=\"1803\" src=\"http:\/\/web.saic.edu\/bdg\/wp-content\/uploads\/sites\/14\/2024\/12\/111224_0965-1-1024x585.jpg\" alt=\"\" class=\"wp-image-1803\" srcset=\"https:\/\/web.saic.edu\/bdg\/wp-content\/uploads\/sites\/14\/2024\/12\/111224_0965-1-1024x585.jpg 1024w, https:\/\/web.saic.edu\/bdg\/wp-content\/uploads\/sites\/14\/2024\/12\/111224_0965-1-300x171.jpg 300w, https:\/\/web.saic.edu\/bdg\/wp-content\/uploads\/sites\/14\/2024\/12\/111224_0965-1-768x439.jpg 768w, https:\/\/web.saic.edu\/bdg\/wp-content\/uploads\/sites\/14\/2024\/12\/111224_0965-1-1100x629.jpg 1100w, https:\/\/web.saic.edu\/bdg\/wp-content\/uploads\/sites\/14\/2024\/12\/111224_0965-1-550x314.jpg 550w, https:\/\/web.saic.edu\/bdg\/wp-content\/uploads\/sites\/14\/2024\/12\/111224_0965-1-160x91.jpg 160w, https:\/\/web.saic.edu\/bdg\/wp-content\/uploads\/sites\/14\/2024\/12\/111224_0965-1.jpg 1400w\" sizes=\"auto, (max-width: 1024px) 100vw, 1024px\" \/><\/figure>\n<\/figure>\n<\/div>\n\n\n\n<div class=\"wp-block-cb-slide\">\n<figure class=\"wp-block-gallery has-nested-images columns-default is-cropped wp-block-gallery-3 is-layout-flex wp-block-gallery-is-layout-flex\">\n<figure class=\"wp-block-image size-large\"><img loading=\"lazy\" decoding=\"async\" width=\"1024\" height=\"682\" data-id=\"1785\" src=\"http:\/\/web.saic.edu\/bdg\/wp-content\/uploads\/sites\/14\/2024\/12\/111224_0972-1024x682.jpg\" alt=\"\" class=\"wp-image-1785\" srcset=\"https:\/\/web.saic.edu\/bdg\/wp-content\/uploads\/sites\/14\/2024\/12\/111224_0972-1024x682.jpg 1024w, https:\/\/web.saic.edu\/bdg\/wp-content\/uploads\/sites\/14\/2024\/12\/111224_0972-300x200.jpg 300w, https:\/\/web.saic.edu\/bdg\/wp-content\/uploads\/sites\/14\/2024\/12\/111224_0972-768x511.jpg 768w, https:\/\/web.saic.edu\/bdg\/wp-content\/uploads\/sites\/14\/2024\/12\/111224_0972-1100x732.jpg 1100w, https:\/\/web.saic.edu\/bdg\/wp-content\/uploads\/sites\/14\/2024\/12\/111224_0972-550x366.jpg 550w, https:\/\/web.saic.edu\/bdg\/wp-content\/uploads\/sites\/14\/2024\/12\/111224_0972-160x107.jpg 160w, https:\/\/web.saic.edu\/bdg\/wp-content\/uploads\/sites\/14\/2024\/12\/111224_0972.jpg 1400w\" sizes=\"auto, (max-width: 1024px) 100vw, 1024px\" \/><\/figure>\n<\/figure>\n<\/div>\n\n\n\n<div class=\"wp-block-cb-slide\">\n<figure class=\"wp-block-gallery has-nested-images columns-default is-cropped wp-block-gallery-4 is-layout-flex wp-block-gallery-is-layout-flex\">\n<figure class=\"wp-block-image size-large\"><img loading=\"lazy\" decoding=\"async\" width=\"1024\" height=\"627\" data-id=\"1784\" src=\"http:\/\/web.saic.edu\/bdg\/wp-content\/uploads\/sites\/14\/2024\/12\/111224_0914-1024x627.jpg\" alt=\"\" class=\"wp-image-1784\" srcset=\"https:\/\/web.saic.edu\/bdg\/wp-content\/uploads\/sites\/14\/2024\/12\/111224_0914-1024x627.jpg 1024w, https:\/\/web.saic.edu\/bdg\/wp-content\/uploads\/sites\/14\/2024\/12\/111224_0914-300x184.jpg 300w, https:\/\/web.saic.edu\/bdg\/wp-content\/uploads\/sites\/14\/2024\/12\/111224_0914-768x470.jpg 768w, https:\/\/web.saic.edu\/bdg\/wp-content\/uploads\/sites\/14\/2024\/12\/111224_0914-1100x673.jpg 1100w, https:\/\/web.saic.edu\/bdg\/wp-content\/uploads\/sites\/14\/2024\/12\/111224_0914-550x337.jpg 550w, https:\/\/web.saic.edu\/bdg\/wp-content\/uploads\/sites\/14\/2024\/12\/111224_0914-160x98.jpg 160w, https:\/\/web.saic.edu\/bdg\/wp-content\/uploads\/sites\/14\/2024\/12\/111224_0914.jpg 1400w\" sizes=\"auto, (max-width: 1024px) 100vw, 1024px\" \/><\/figure>\n<\/figure>\n<\/div>\n\n\n\n<div class=\"wp-block-cb-slide\">\n<figure class=\"wp-block-gallery has-nested-images columns-default is-cropped wp-block-gallery-5 is-layout-flex wp-block-gallery-is-layout-flex\">\n<figure class=\"wp-block-image size-large\"><img loading=\"lazy\" decoding=\"async\" width=\"1024\" height=\"612\" data-id=\"1783\" src=\"http:\/\/web.saic.edu\/bdg\/wp-content\/uploads\/sites\/14\/2024\/12\/111224_0907-1024x612.jpg\" alt=\"\" class=\"wp-image-1783\" srcset=\"https:\/\/web.saic.edu\/bdg\/wp-content\/uploads\/sites\/14\/2024\/12\/111224_0907-1024x612.jpg 1024w, https:\/\/web.saic.edu\/bdg\/wp-content\/uploads\/sites\/14\/2024\/12\/111224_0907-300x179.jpg 300w, https:\/\/web.saic.edu\/bdg\/wp-content\/uploads\/sites\/14\/2024\/12\/111224_0907-768x459.jpg 768w, https:\/\/web.saic.edu\/bdg\/wp-content\/uploads\/sites\/14\/2024\/12\/111224_0907-1100x658.jpg 1100w, https:\/\/web.saic.edu\/bdg\/wp-content\/uploads\/sites\/14\/2024\/12\/111224_0907-550x329.jpg 550w, https:\/\/web.saic.edu\/bdg\/wp-content\/uploads\/sites\/14\/2024\/12\/111224_0907-160x96.jpg 160w, https:\/\/web.saic.edu\/bdg\/wp-content\/uploads\/sites\/14\/2024\/12\/111224_0907.jpg 1400w\" sizes=\"auto, (max-width: 1024px) 100vw, 1024px\" \/><\/figure>\n<\/figure>\n<\/div>\n\n\n\n<div class=\"wp-block-cb-slide\">\n<figure class=\"wp-block-gallery has-nested-images columns-default is-cropped wp-block-gallery-6 is-layout-flex wp-block-gallery-is-layout-flex\">\n<figure class=\"wp-block-image size-large\"><img loading=\"lazy\" decoding=\"async\" width=\"1024\" height=\"585\" data-id=\"1799\" src=\"https:\/\/web.saic.edu\/bdg\/wp-content\/uploads\/sites\/14\/2024\/12\/111224_0899-1-1024x585.jpg\" alt=\"\" class=\"wp-image-1799\" srcset=\"https:\/\/web.saic.edu\/bdg\/wp-content\/uploads\/sites\/14\/2024\/12\/111224_0899-1-1024x585.jpg 1024w, https:\/\/web.saic.edu\/bdg\/wp-content\/uploads\/sites\/14\/2024\/12\/111224_0899-1-300x171.jpg 300w, https:\/\/web.saic.edu\/bdg\/wp-content\/uploads\/sites\/14\/2024\/12\/111224_0899-1-768x439.jpg 768w, https:\/\/web.saic.edu\/bdg\/wp-content\/uploads\/sites\/14\/2024\/12\/111224_0899-1-1100x629.jpg 1100w, https:\/\/web.saic.edu\/bdg\/wp-content\/uploads\/sites\/14\/2024\/12\/111224_0899-1-550x314.jpg 550w, https:\/\/web.saic.edu\/bdg\/wp-content\/uploads\/sites\/14\/2024\/12\/111224_0899-1-160x91.jpg 160w, https:\/\/web.saic.edu\/bdg\/wp-content\/uploads\/sites\/14\/2024\/12\/111224_0899-1.jpg 1400w\" sizes=\"auto, (max-width: 1024px) 100vw, 1024px\" \/><\/figure>\n<\/figure>\n<\/div>\n\n\n\n<div class=\"wp-block-cb-slide\">\n<figure class=\"wp-block-image size-large\"><img loading=\"lazy\" decoding=\"async\" width=\"1024\" height=\"585\" src=\"http:\/\/web.saic.edu\/bdg\/wp-content\/uploads\/sites\/14\/2024\/12\/111224_0921-1-1024x585.jpg\" alt=\"\" class=\"wp-image-1798\" srcset=\"https:\/\/web.saic.edu\/bdg\/wp-content\/uploads\/sites\/14\/2024\/12\/111224_0921-1-1024x585.jpg 1024w, https:\/\/web.saic.edu\/bdg\/wp-content\/uploads\/sites\/14\/2024\/12\/111224_0921-1-300x171.jpg 300w, https:\/\/web.saic.edu\/bdg\/wp-content\/uploads\/sites\/14\/2024\/12\/111224_0921-1-768x439.jpg 768w, https:\/\/web.saic.edu\/bdg\/wp-content\/uploads\/sites\/14\/2024\/12\/111224_0921-1-1100x629.jpg 1100w, https:\/\/web.saic.edu\/bdg\/wp-content\/uploads\/sites\/14\/2024\/12\/111224_0921-1-550x314.jpg 550w, https:\/\/web.saic.edu\/bdg\/wp-content\/uploads\/sites\/14\/2024\/12\/111224_0921-1-160x91.jpg 160w, https:\/\/web.saic.edu\/bdg\/wp-content\/uploads\/sites\/14\/2024\/12\/111224_0921-1.jpg 1400w\" sizes=\"auto, (max-width: 1024px) 100vw, 1024px\" \/><\/figure>\n<\/div>\n\n\n\n<div class=\"wp-block-cb-slide\">\n<figure class=\"wp-block-image size-large\"><img loading=\"lazy\" decoding=\"async\" width=\"1024\" height=\"585\" src=\"http:\/\/web.saic.edu\/bdg\/wp-content\/uploads\/sites\/14\/2024\/12\/111224_0909-1-1024x585.jpg\" alt=\"\" class=\"wp-image-1797\" srcset=\"https:\/\/web.saic.edu\/bdg\/wp-content\/uploads\/sites\/14\/2024\/12\/111224_0909-1-1024x585.jpg 1024w, https:\/\/web.saic.edu\/bdg\/wp-content\/uploads\/sites\/14\/2024\/12\/111224_0909-1-300x171.jpg 300w, https:\/\/web.saic.edu\/bdg\/wp-content\/uploads\/sites\/14\/2024\/12\/111224_0909-1-768x439.jpg 768w, https:\/\/web.saic.edu\/bdg\/wp-content\/uploads\/sites\/14\/2024\/12\/111224_0909-1-1100x629.jpg 1100w, https:\/\/web.saic.edu\/bdg\/wp-content\/uploads\/sites\/14\/2024\/12\/111224_0909-1-550x314.jpg 550w, https:\/\/web.saic.edu\/bdg\/wp-content\/uploads\/sites\/14\/2024\/12\/111224_0909-1-160x91.jpg 160w, https:\/\/web.saic.edu\/bdg\/wp-content\/uploads\/sites\/14\/2024\/12\/111224_0909-1.jpg 1400w\" sizes=\"auto, (max-width: 1024px) 100vw, 1024px\" \/><\/figure>\n<\/div>\n\n\n\n<div class=\"wp-block-cb-slide\">\n<figure class=\"wp-block-image size-large\"><img loading=\"lazy\" decoding=\"async\" width=\"1024\" height=\"585\" src=\"http:\/\/web.saic.edu\/bdg\/wp-content\/uploads\/sites\/14\/2024\/12\/111224_0896-1-1024x585.jpg\" alt=\"\" class=\"wp-image-1796\" srcset=\"https:\/\/web.saic.edu\/bdg\/wp-content\/uploads\/sites\/14\/2024\/12\/111224_0896-1-1024x585.jpg 1024w, https:\/\/web.saic.edu\/bdg\/wp-content\/uploads\/sites\/14\/2024\/12\/111224_0896-1-300x171.jpg 300w, https:\/\/web.saic.edu\/bdg\/wp-content\/uploads\/sites\/14\/2024\/12\/111224_0896-1-768x439.jpg 768w, https:\/\/web.saic.edu\/bdg\/wp-content\/uploads\/sites\/14\/2024\/12\/111224_0896-1-1100x629.jpg 1100w, https:\/\/web.saic.edu\/bdg\/wp-content\/uploads\/sites\/14\/2024\/12\/111224_0896-1-550x314.jpg 550w, https:\/\/web.saic.edu\/bdg\/wp-content\/uploads\/sites\/14\/2024\/12\/111224_0896-1-160x91.jpg 160w, https:\/\/web.saic.edu\/bdg\/wp-content\/uploads\/sites\/14\/2024\/12\/111224_0896-1.jpg 1400w\" sizes=\"auto, (max-width: 1024px) 100vw, 1024px\" \/><\/figure>\n<\/div>\n\n\n\n<div class=\"wp-block-cb-slide\">\n<figure class=\"wp-block-image size-large\"><img loading=\"lazy\" decoding=\"async\" width=\"1024\" height=\"585\" src=\"http:\/\/web.saic.edu\/bdg\/wp-content\/uploads\/sites\/14\/2024\/12\/111224_0936-1-1024x585.jpg\" alt=\"\" class=\"wp-image-1795\" srcset=\"https:\/\/web.saic.edu\/bdg\/wp-content\/uploads\/sites\/14\/2024\/12\/111224_0936-1-1024x585.jpg 1024w, https:\/\/web.saic.edu\/bdg\/wp-content\/uploads\/sites\/14\/2024\/12\/111224_0936-1-300x171.jpg 300w, https:\/\/web.saic.edu\/bdg\/wp-content\/uploads\/sites\/14\/2024\/12\/111224_0936-1-768x439.jpg 768w, https:\/\/web.saic.edu\/bdg\/wp-content\/uploads\/sites\/14\/2024\/12\/111224_0936-1-1100x629.jpg 1100w, https:\/\/web.saic.edu\/bdg\/wp-content\/uploads\/sites\/14\/2024\/12\/111224_0936-1-550x314.jpg 550w, https:\/\/web.saic.edu\/bdg\/wp-content\/uploads\/sites\/14\/2024\/12\/111224_0936-1-160x91.jpg 160w, https:\/\/web.saic.edu\/bdg\/wp-content\/uploads\/sites\/14\/2024\/12\/111224_0936-1.jpg 1400w\" sizes=\"auto, (max-width: 1024px) 100vw, 1024px\" \/><\/figure>\n<\/div>\n\n\n\n<div class=\"wp-block-cb-slide\">\n<figure class=\"wp-block-image size-large\"><img loading=\"lazy\" decoding=\"async\" width=\"1024\" height=\"585\" src=\"http:\/\/web.saic.edu\/bdg\/wp-content\/uploads\/sites\/14\/2024\/12\/111224_0886-1-1024x585.jpg\" alt=\"\" class=\"wp-image-1794\" srcset=\"https:\/\/web.saic.edu\/bdg\/wp-content\/uploads\/sites\/14\/2024\/12\/111224_0886-1-1024x585.jpg 1024w, https:\/\/web.saic.edu\/bdg\/wp-content\/uploads\/sites\/14\/2024\/12\/111224_0886-1-300x171.jpg 300w, https:\/\/web.saic.edu\/bdg\/wp-content\/uploads\/sites\/14\/2024\/12\/111224_0886-1-768x439.jpg 768w, https:\/\/web.saic.edu\/bdg\/wp-content\/uploads\/sites\/14\/2024\/12\/111224_0886-1-1100x629.jpg 1100w, https:\/\/web.saic.edu\/bdg\/wp-content\/uploads\/sites\/14\/2024\/12\/111224_0886-1-550x314.jpg 550w, https:\/\/web.saic.edu\/bdg\/wp-content\/uploads\/sites\/14\/2024\/12\/111224_0886-1-160x91.jpg 160w, https:\/\/web.saic.edu\/bdg\/wp-content\/uploads\/sites\/14\/2024\/12\/111224_0886-1.jpg 1400w\" sizes=\"auto, (max-width: 1024px) 100vw, 1024px\" \/><\/figure>\n<\/div>\n\n\n\n<div class=\"wp-block-cb-slide\">\n<figure class=\"wp-block-image size-large\"><img loading=\"lazy\" decoding=\"async\" width=\"1024\" height=\"585\" src=\"http:\/\/web.saic.edu\/bdg\/wp-content\/uploads\/sites\/14\/2024\/12\/111224_0925-1-1024x585.jpg\" alt=\"\" class=\"wp-image-1793\" srcset=\"https:\/\/web.saic.edu\/bdg\/wp-content\/uploads\/sites\/14\/2024\/12\/111224_0925-1-1024x585.jpg 1024w, https:\/\/web.saic.edu\/bdg\/wp-content\/uploads\/sites\/14\/2024\/12\/111224_0925-1-300x171.jpg 300w, https:\/\/web.saic.edu\/bdg\/wp-content\/uploads\/sites\/14\/2024\/12\/111224_0925-1-768x439.jpg 768w, https:\/\/web.saic.edu\/bdg\/wp-content\/uploads\/sites\/14\/2024\/12\/111224_0925-1-1100x629.jpg 1100w, https:\/\/web.saic.edu\/bdg\/wp-content\/uploads\/sites\/14\/2024\/12\/111224_0925-1-550x314.jpg 550w, https:\/\/web.saic.edu\/bdg\/wp-content\/uploads\/sites\/14\/2024\/12\/111224_0925-1-160x91.jpg 160w, https:\/\/web.saic.edu\/bdg\/wp-content\/uploads\/sites\/14\/2024\/12\/111224_0925-1.jpg 1400w\" sizes=\"auto, (max-width: 1024px) 100vw, 1024px\" \/><\/figure>\n<\/div>\n\n\n\n<div class=\"wp-block-cb-slide\">\n<figure class=\"wp-block-image size-large\"><img loading=\"lazy\" decoding=\"async\" width=\"1024\" height=\"585\" src=\"http:\/\/web.saic.edu\/bdg\/wp-content\/uploads\/sites\/14\/2024\/12\/111224_0942-1-1024x585.jpg\" alt=\"\" class=\"wp-image-1792\" srcset=\"https:\/\/web.saic.edu\/bdg\/wp-content\/uploads\/sites\/14\/2024\/12\/111224_0942-1-1024x585.jpg 1024w, https:\/\/web.saic.edu\/bdg\/wp-content\/uploads\/sites\/14\/2024\/12\/111224_0942-1-300x171.jpg 300w, https:\/\/web.saic.edu\/bdg\/wp-content\/uploads\/sites\/14\/2024\/12\/111224_0942-1-768x439.jpg 768w, https:\/\/web.saic.edu\/bdg\/wp-content\/uploads\/sites\/14\/2024\/12\/111224_0942-1-1100x629.jpg 1100w, https:\/\/web.saic.edu\/bdg\/wp-content\/uploads\/sites\/14\/2024\/12\/111224_0942-1-550x314.jpg 550w, https:\/\/web.saic.edu\/bdg\/wp-content\/uploads\/sites\/14\/2024\/12\/111224_0942-1-160x91.jpg 160w, https:\/\/web.saic.edu\/bdg\/wp-content\/uploads\/sites\/14\/2024\/12\/111224_0942-1.jpg 1400w\" sizes=\"auto, (max-width: 1024px) 100vw, 1024px\" \/><\/figure>\n<\/div>\n<\/div>\n\n\n\n<p><br>November 8\u2013December 7, 2024 <br>SAIC Galleries, 33 E. Washington St.<\/p>\n\n\n\n<p>This student exhibition of works that respond to artist and former SAIC professor Barbara DeGenevieve\u2019s legendary assignment prompts is an important component of the <em>In Your Face: Barbara DeGenevieve, Artist &amp; Educator<\/em> project. Highlighting DeGenevieve\u2019s ongoing relevance to the SAIC student body, this exhibition within an exhibition features recent work in a variety of media by 24 currently-enrolled undergraduate and graduate students. A faculty jury (professors Aim\u00e9e Beaubien, Mark Jeffery, and Fr\u00e9d\u00e9ric Moffett) selected these artworks from close to 100 submissions.<\/p>\n\n\n\n<div class=\"wp-block-file aligncenter\"><a id=\"wp-block-file--media-7d02b461-1b4b-4d9d-b30f-77d46ace2b27\" href=\"https:\/\/web.saic.edu\/bdg\/wp-content\/uploads\/sites\/14\/2024\/08\/ASSIGNMENT-PROMPTS_.pdf\" target=\"_blank\" rel=\"noreferrer noopener\"><strong>Access t<\/strong>he Assignment Prompts provided to students<\/a><\/div>\n\n\n\n<h2 class=\"wp-block-heading\">Artists:<\/h2>\n\n\n\n<div class=\"wp-block-columns is-layout-flex wp-container-core-columns-is-layout-9d6595d7 wp-block-columns-is-layout-flex\">\n<div class=\"wp-block-column is-layout-flow wp-block-column-is-layout-flow\">\n<p><strong>Maha Al-Zahrani*<\/strong><\/p>\n\n\n\n<p><strong>Rose Ansari<\/strong><\/p>\n\n\n\n<p><strong>Ruby Bassford<\/strong><\/p>\n\n\n\n<p><strong>Gren Bee<\/strong><\/p>\n\n\n\n<p><strong>Ryan Bopp<\/strong><\/p>\n\n\n\n<p><strong>josh brainin<\/strong><\/p>\n\n\n\n<p><strong>Star Castro*<\/strong><\/p>\n\n\n\n<p><strong>Ceninye<\/strong><\/p>\n<\/div>\n\n\n\n<div class=\"wp-block-column is-layout-flow wp-block-column-is-layout-flow\">\n<p><strong>Anabelle Lee Dehm<\/strong><\/p>\n\n\n\n<p><strong>Kyle Stephen Dunn<\/strong><\/p>\n\n\n\n<p><strong>Maggie Fan<\/strong><\/p>\n\n\n\n<p><strong>Ben Glass<\/strong><\/p>\n\n\n\n<p><strong>Leilani Hancock<\/strong><\/p>\n\n\n\n<p><strong>Suhmi Jang*<\/strong><\/p>\n\n\n\n<p><strong>Matt Kaufman<\/strong><\/p>\n\n\n\n<p><strong>Cube Li<\/strong><\/p>\n<\/div>\n\n\n\n<div class=\"wp-block-column is-layout-flow wp-block-column-is-layout-flow\">\n<p><strong>Magnus<\/strong><\/p>\n\n\n\n<p><strong>Val Michael<\/strong><\/p>\n\n\n\n<p><strong>Chris Noon<\/strong><\/p>\n\n\n\n<p><strong>Willow Roberts<\/strong><\/p>\n\n\n\n<p><strong>Rita Rogers<\/strong><\/p>\n\n\n\n<p><strong>G. Theodoropoulous<\/strong><\/p>\n\n\n\n<p><strong>Emma Xhaxho<\/strong><\/p>\n\n\n\n<p><strong>Lili Xie<\/strong><\/p>\n<\/div>\n<\/div>\n\n\n\n<p><strong>*Participating with a live performance<\/strong><\/p>\n","protected":false},"excerpt":{"rendered":"<p>Subversive Pleasures, Mapping the Problematic November 8\u2013December 7, 2024 SAIC Galleries, 33 E. Washington St. This student exhibition of works that respond to artist and former SAIC professor Barbara DeGenevieve\u2019s legendary assignment prompts is an important component of the In Your Face: Barbara DeGenevieve, Artist &amp; Educator project. Highlighting DeGenevieve\u2019s ongoing relevance to the SAIC [&hellip;]<\/p>\n<a class=\"read-more-link\" href=\" https:\/\/web.saic.edu\/bdg\/student-exhibition\/ \">Read more<\/a>","protected":false},"author":9,"featured_media":0,"parent":0,"menu_order":0,"comment_status":"closed","ping_status":"closed","template":"templates\/notitle-page.php","meta":{"_acf_changed":false,"footnotes":""},"class_list":["post-1263","page","type-page","status-publish","hentry"],"acf":[],"_links":{"self":[{"href":"https:\/\/web.saic.edu\/bdg\/wp-json\/wp\/v2\/pages\/1263","targetHints":{"allow":["GET"]}}],"collection":[{"href":"https:\/\/web.saic.edu\/bdg\/wp-json\/wp\/v2\/pages"}],"about":[{"href":"https:\/\/web.saic.edu\/bdg\/wp-json\/wp\/v2\/types\/page"}],"author":[{"embeddable":true,"href":"https:\/\/web.saic.edu\/bdg\/wp-json\/wp\/v2\/users\/9"}],"replies":[{"embeddable":true,"href":"https:\/\/web.saic.edu\/bdg\/wp-json\/wp\/v2\/comments?post=1263"}],"version-history":[{"count":14,"href":"https:\/\/web.saic.edu\/bdg\/wp-json\/wp\/v2\/pages\/1263\/revisions"}],"predecessor-version":[{"id":1809,"href":"https:\/\/web.saic.edu\/bdg\/wp-json\/wp\/v2\/pages\/1263\/revisions\/1809"}],"wp:attachment":[{"href":"https:\/\/web.saic.edu\/bdg\/wp-json\/wp\/v2\/media?parent=1263"}],"curies":[{"name":"wp","href":"https:\/\/api.w.org\/{rel}","templated":true}]}}